4)*(-198)/h?
3
Suppose -2*o = 4*b + o - 216, -2*b = -3*o - 108. Suppose 3*h + 4*y = y + b, -4*h + 67 = 3*y. What is the tens digit of h?
1
Suppose -2*b - 4*v - 18 = -3*b, -2*b - 12 = 4*v. Suppose -4 = -6*u + 2*u - 2*j, -2*u + 4*j = -b. What is the units digit of (u/2)/((-2)/(-20))?
5
Let y(d) = -d**2 - 9 + 5 - 2*d - 7*d + d. What is the units digit of y(-5)?
1
Let d be (6/(-4))/((-2)/(-4)). Let m = 5 - d. What is the units digit of m?
8
Suppose 4*x + 2*c = 14, -5*x - 3*c + 4*c = -21. Suppose 3*f = -r + 4*f + 22, x*f = -4*r + 64. What is the units digit of r?
9
Let r(b) = 373*b**2 - 3*b + 2. What is the units digit of r(1)?
2
Suppose -3*j + 33 = 3*f, 5*f - 17 = -4*j + 33. Let d be 2/f - (-1)/(-3). What is the units digit of 0 + d - (-2 - -1)?
1
Let z = -12 - -17. Suppose 0 = -2*d + 3*j + 4, -z*d + 5*j = -11 + 1. What is the units digit of d + 0 - (1 - 7)?
8
Suppose -d + 29 = 3*r - 52, 0 = 5*r - 4*d - 118. What is the units digit of r?
6
What is the hundreds digit of (4 + 252 - 0) + 0?
2
Let m = 123 + 42. Suppose 2*f - m = -3*f. What is the tens digit of f?
3
Suppose -3*l + 3*j - 2*j = -10, 4*l + 3*j - 35 = 0. Suppose -4*o = x - 2*x - 2, 28 = l*x - o. What is the units digit of x?
6
Suppose 0*r + 3*r - 30 = 0. Suppose -g + 2*w + 6 = 0, 2*g - 2*w = 3*w + r. What is the units digit of g?
0
Suppose -5*f + 4 = -u - 6, -5*f + 10 = u. Let j be 5/f + 3/(-6). Suppose 0 = -2*n + d + j, -d + 5*d = 0. What is the units digit of n?
1
Let w be 3/(27/6)*6. Suppose w*f + 22 = 2. Let o = f - -6. What is the units digit of o?
1
Suppose 22 = 5*i - 2*v - 3, -3*v - 6 = 3*i. Suppose 2*a - 28 = i*a - 5*g, 3*a - 2*g + 19 = 0. What is the units digit of (-3)/a + 22/2?
2
Suppose -5*v + 2*m + 7 = -13, -5*v = 2*m. Suppose 16 = v*p + 2*p. What is the units digit of p?
4
Let j = -1 + -6. Let n = j + 10. What is the units digit of -2*n/(-3)*3?
6
Let k = 421 - 118. What is the units digit of k?
3
Suppose 3*c - 4 = 8. Suppose a - 6 + c = 0, 6 = 2*r + 4*a. Let z = 4 - r. What is the units digit of z?
5
Let d(w) = 3*w + 1. Let n(b) = -13*b - 5. Let g(a) = -9*d(a) - 2*n(a). Let u be 4 + -7 + (-2)/1. What is the units digit of g(u)?
6
Suppose 5*h = 4*h + 126. What is the tens digit of h?
2
Suppose a = -3*a + 8. What is the units digit of a?
2
Let r = 25 - 1. What is the tens digit of r?
2
Suppose -2*i = 4*l - 30, 4 = 3*l + 5*i - 1. Suppose -l = -d - d. Suppose d*g + 4*r + 1 = 43, -2*g + 10 = 5*r. What is the units digit of g?
0
Let u be 3*(2 + 4/(-6)). Suppose -3*i - j = -43, u*i + 2*j = -0*i + 54. Suppose -r - r = -i. What is the units digit of r?
8
Let k = 15 - 11. What is the units digit of k?
4
Suppose 3*v - 6 = -5*r, -5*v + 5*r + 2 + 8 = 0. Suppose 16 = k + 3*k. Suppose 0 = -4*g - h - v*h + 52, -k*h + 66 = 5*g. What is the units digit of g?
0
Suppose t + 6 = 2. Let o be 1 - t/6*3. Suppose 2*z - 30 = -o*z. What is the units digit of z?
6
Let w(c) = -2*c**2 - 7*c - 12. Let a be w(-5). Let x = -18 - a. What is the units digit of x?
9
Suppose 4*s - 16 = -0*s. Suppose 15 = -2*m + 3*i, 1 = m + i - 4. Let g = m + s. What is the units digit of g?
4
Let i = -2 + -1. What is the units digit of 7/(-21) - 67/i?
2
Suppose -n = -6*n + 5*p + 175, 3*p = 0. What is the tens digit of n?
3
Suppose 0 = -5*o + 2*r + r - 12, 2*o = 3*r - 12. Suppose 0 = -o*c + 5*c. Suppose c = -4*t + 13 + 19. What is the units digit of t?
8
Let p be (1/(-2))/(1/2). Let f = -19 - p. Let j = f + 25. What is the units digit of j?
7
Let i be 8*(-1 + (-2)/(-8)). Let l(t) be the third derivative of -t**4/24 - t**3/2 + 4*t**2. What is the units digit of l(i)?
3
Suppose 0 = -r + 4. Let o = r + 3. What is the units digit of o?
7
Let j = -8 - -18. Let b = j + 19. What is the units digit of b?
9
Let g(w) = w + 1. Let d be g(-1). Let v be (-2 + 1)/(7 + -8). What is the units digit of (-11)/(d + (v - 2))?
1
Suppose -4*l + 2 = -2. Suppose 2*r - 16 - 20 = -5*j, -38 = -4*j + 3*r. Let z = l + j. What is the units digit of z?
9
Let v(c) be the third derivative of c**4/12 - 2*c**3/3 + 3*c**2. What is the units digit of v(5)?
6
Let c(a) = -5*a - 30. What is the units digit of c(-10)?
0
Let v(d) = d**3 - 6*d**2 - 6*d - 6. What is the units digit of v(8)?
4
Let c(s) be the third derivative of s**4/24 - s**3/6 + 3*s**2. Suppose -3*b - 4*u + 30 = -0*b, 3*b + 2*u = 30. What is the units digit of c(b)?
9
Let x(t) = 19*t**3 + t**2 - t + 1. Let w = 7 - 6. Let n be x(w). Suppose -v - 3*v + n = 0. What is the units digit of v?
5
Let x(k) = -2*k - 14. Let p(b) = -2*b**2 - 5*b + 2. Suppose 4*r = 8 - 24. Let m be p(r). What is the units digit of x(m)?
6
Let m = -30 - -49. What is the tens digit of m?
1
Let d = -24 - -23. What is the units digit of 24/(-42)*7/d?
4
Let s(q) = q - 14. Let w = -5 - -5. Let g be s(w). What is the units digit of (g/1)/((-4)/2)?
7
What is the units digit of (-2)/(-22)*-2 - 3352/(-44)?
6
Let h(u) = u**3 - 5*u**2 - 5*u - 1. Let d be h(6). Suppose -2*f - 10 = -4*b, 2*b - 10 = 7*b + d*f. What is the tens digit of (13/b - 1) + 3?
1
Suppose -3*f = -3*m - 78, -2*f + 55 = 4*m + 21. What is the tens digit of f?
2
What is the hundreds digit of 6/(-6) - (2 + -112)?
1
Let x(h) = h**3 + 15*h**2 + 13*h + 3. What is the tens digit of x(-14)?
1
Suppose -2*c = -5*c + 30. What is the tens digit of c?
1
Suppose 2*b + 0 = 6. Suppose 3*i - 75 = -b*t, 0 = t + 4*i - 10 - 18. What is the units digit of t?
4
Let w(b) = b**2 + b + 2. Let j be w(-2). What is the units digit of 5 + -1 + j + -6?
2
Let u(l) = 142*l**2 + l - 1. What is the tens digit of u(1)?
4
Let w = 3 + 2. Suppose -w*o - 6 = -f + 4*f, f + 2 = -4*o. What is the units digit of (2/5)/(f/(-20))?
4
Let g = 8 + -5. Let u = 13 + g. What is the units digit of u?
6
Let g(j) = -j**3 + 6*j**2 - 4*j. Let y be g(5). Suppose 5*r + y*t - 97 = 2*t, 0 = -4*r + t + 64. What is the units digit of r?
7
Suppose 2*c = x - 106, -4*c = -5*x + 6*x - 130. What is the hundreds digit of x?
1
Let n(a) = a**3 + a**2 - a. Let k be n(-2). Let i = 6 + k. Suppose 2*c = -4*o - 2*c + i, 0 = 4*c + 16. What is the units digit of o?
5
Let m(r) = r**3 + 3*r**2 - 2*r - 2. Let p be m(2). What is the units digit of (30/(-12))/((-1)/p)?
5
Suppose -5*b + 18 = 53. What is the tens digit of (1 + (-57)/21)*b?
1
Suppose -2*t + 594 = t. What is the hundreds digit of t?
1
Let y(f) = -f + 4. Let r be y(0). Suppose -r*x = 3*h - 13, 0 = 6*h - 3*h - 2*x - 25. What is the units digit of h?
7
Let d(b) be the first derivative of b**2/2 + 15*b + 2. What is the units digit of d(-7)?
8
Suppose -6*a - 10 = -8*a. What is the units digit of a?
5
Let t(a) = 3*a**3 - a**2 + 1. Let i be t(-1). Let f = -1 - i. Suppose -f*q - q + 18 = 0. What is the units digit of q?
6
Let s be -2 + -1 + 5 + 1. What is the units digit of (-26)/(-5 + 9/s)?
3
Suppose -5*m + 299 = -221. What is the hundreds digit of m?
1
Suppose p - 4*q - 10 = -4*p, 4*p = -q + 29. Suppose -10*o = -p*o - 68. What is the tens digit of o?
1
Suppose -11 = -5*j + 2*l, 2*j - 4*j + 5*l - 4 = 0. What is the tens digit of j/(231/(-120) + 2)?
4
Suppose -5*k = -3*k - 268. What is the hundreds digit of k?
1
What is the units digit of ((-1372)/(-35))/(4/10)?
8
Let g = -9 + 25. What is the tens digit of (g/(-5))/((-1)/5)?
1
Suppose 3*h = 5*y + 258, y = -h + 2*y + 88. What is the units digit of h?
1
What is the tens digit of 0 - (4 - 3 - 72)?
7
Suppose -68 = 3*g - 281. Suppose 4*m = z + g, 3*m - z + 3*z - 45 = 0. What is the tens digit of m?
1
Suppose -3*z = -6*z + 4*v + 519, 0 = -5*v - 15. What is the units digit of z?
9
Let x = -49 + 112. What is the tens digit of x?
6
Suppose -7*i = -2*i + h - 30, 2*i + h - 15 = 0. Suppose v + 1 = 22. Suppose 2*n + v = i*d, 0*d - 15 = -d - 5*n. What is the units digit of d?
5
Suppose -5*z = -5*q - 25, 0 = 2*z + 2*q + 4 - 10. What is the units digit of z?
4
Let p = -52 - -83. Suppose -z + 5 = 0, -z = 3*k - 82 - p. What is the units digit of k?
6
Suppose 2*d + 8 = 6*d. Let i(j) = j**3 - 8*j**2 + 11*j + 3. Let a be i(6). What is the units digit of (a/6)/(d/(-28))?
7
Suppose 3*g + g - i = 102, i - 80 = -3*g. What is the units digit of g?
6
Let b(q) = -2*q**3 - 3*q**2 + 4*q + 3. Let k be b(-3). What is the tens digit of k/1 + 0 + -3?
1
Let t(i) = -2*i + 9. What is the units digit of t(-6)?
1
Let w(t) = t**2 + 4*t - 4. Suppose -1 = 4*o - 17. Let r be -3 + -3*(-3 + 